usands digit of 1414400193?
0
What is the thousands digit of 93996299?
6
What is the ten millions digit of 105537889?
0
What is the hundred thousands digit of 328949746?
9
What is the tens digit of 47933556?
5
What is the hundred millions digit of 517141181?
5
What is the thousands digit of 242318295?
8
What is the units digit of 1531352995?
5
What is the billions digit of 2645876109?
2
What is the millions digit of 400601422?
0
What is the thousands digit of 196108051?
8
What is the hundred millions digit of 1528445347?
5
What is the hundreds digit of 635463622?
6
What is the tens digit of 154528411?
1
What is the ten thousands digit of 71133186?
3
What is the units digit of 1053006363?
3
What is the tens digit of 219504564?
6
What is the thousands digit of 713010096?
0
What is the ten thousands digit of 510108?
1
What is the tens digit of 326821847?
4
What is the thousands digit of 2188546430?
6
What is the hundred thousands digit of 67165248?
1
What is the ten millions digit of 47254263?
4
What is the units digit of 49289886?
6
What is the ten millions digit of 1089834675?
8
What is the hundreds digit of 1818180195?
1
What is the millions digit of 1117938590?
7
What is the thousands digit of 1156578979?
8
What is the units digit of 268711104?
4
What is the millions digit of 58879914?
8
What is the tens digit of 2246043226?
2
What is the ten thousands digit of 106248925?
4
What is the thousands digit of 1280673?
0
What is the thousands digit of 16661549?
1
What is the billions digit of 2547951488?
2
What is the units digit of 2204847?
7
What is the tens digit of 435019220?
2
What is the tens digit of 32902598?
9
What is the hundred thousands digit of 17050340?
0
What is the hundred millions digit of 997343660?
9
What is the hundred millions digit of 579207698?
5
What is the hundreds digit of 3896202?
2
What is the ten thousands digit of 98177190?
7
What is the hundred millions digit of 5983508582?
9
What is the tens digit of 307815137?
3
What is the hundreds digit of 68090667?
6
What is the units digit of 37589370?
0
What is the thousands digit of 755631256?
1
What is the hundred thousands digit of 45837749?
8
What is the hundred thousands digit of 381705673?
7
What is the thousands digit of 49252267?
2
What is the millions digit of 1054037257?
4
What is the tens digit of 1398324608?
0
What is the ten millions digit of 3627587677?
2
What is the tens digit of 5539323?
2
What is the ten millions digit of 619746178?
1
What is the ten thousands digit of 34224371?
2
What is the billions digit of 1712388193?
1
What is the ten millions digit of 735973966?
3
What is the hundred thousands digit of 459573675?
5
What is the tens digit of 27051853?
5
What is the ten thousands digit of 157660619?
6
What is the tens digit of 29258160?
6
What is the millions digit of 8829490810?
9
What is the ten thousands digit of 430876815?
7
What is the ten millions digit of 229867127?
2
What is the hundreds digit of 1675101259?
2
What is the hundred thousands digit of 184713469?
7
What is the millions digit of 41905901?
1
What is the hundred thousands digit of 616853410?
8
What is the millions digit of 66925092?
6
What is the tens digit of 1375247164?
6
What is the thousands digit of 1632172258?
2
What is the tens digit of 281109013?
1
What is the units digit of 46446014?
4
What is the thousands digit of 57610830?
0
What is the hundreds digit of 25179503?
5
What is the tens digit of 1139728199?
9
What is the tens digit of 152750700?
0
What is the millions digit of 110697422?
0
What is the thousands digit of 71419416?
9
What is the ten thousands digit of 3652878566?
7
What is the hundreds digit of 155810857?
8
What is the ten millions digit of 23712913?
2
What is the hundred millions digit of 600402017?
6
What is the tens digit of 34338133?
3
What is the ten millions digit of 1645703469?
4
What is the thousands digit of 13071243?
1
What is the ten millions digit of 142773007?
4
What is the millions digit of 37786468?
7
What is the hundred millions digit of 113380607?
1
What is the hundred millions digit of 6535986497?
5
What is the hundred millions digit of 4023437632?
0
What is the units digit of 4659909213?
3
What is the units digit of 323629725?
5
What is the ten millions digit of 719881950?
1
What is the thousands digit of 1087529040?
9
What is the ten millions digit of 6027790437?
2
What is the hundred millions digit of 267909337?
2
What is the hundreds digit of 2677429076?
0
What is the ten millions digit of 84437555?
8
What is the hundreds digit of 90822544?
5
What is the millions digit of 2465306713?
5
What is the thousands digit of 278394?
8
What is the hundreds digit of 2595345441?
4
What is the ten millions digit of 354317601?
5
What is the ten thousands digit of 49966354?
6
What is the hundred thousands digit of 22991446?
9
What is the ten thousands digit of 46797495?
9
What is the ten thousands digit of 41172240?
7
What is the billions digit of 3109992949?
3
What is the hundred millions digit of 174852432?
1
What is the thousands digit of 11331720?
1
What is the units digit of 5088929?
9
What is the ten thousands digit of 9927624?
2
What is the ten thousands digit of 169058715?
5
What is the millions digit of 44613944?
4
What is the units digit of 392544182?
2
What is the millions digit of 11116573?
1
What is the thousands digit of 86605653?
5
What is the hundreds digit of 28222847?
8
What is the units digit of 440510819?
9
What is the millions digit of 993976475?
3
What is the hundred millions digit of 3167749778?
1
What is the ten thousands digit of 3341446?
4
What is the hundreds digit of 1163425?
4
What is the tens digit of 91498121?
2
What is the hundreds digit of 4455463034?
0
What is the tens digit of 67121491?
9
What is the tens digit of 185838282?
8
What is the units digit of 7465240228?
8
What is the ten thousands digit of 36946252?
4
What is the millions digit of 48841972?
8
What is the ten thousands digit of 386665057?
6
What is the units digit of 496167477?
7
What is the hundred millions digit of 1593228781?
5
What is the thousands digit of 836576697?
6
What is the ten millions digit of 1899772730?
9
What is the units digit of 54140479?
9
What is the tens digit of 46986542?
4
What is the hundreds digit of 30099074?
0
What is the hundreds digit of 329230822?
8
What is the hundreds digit of 69192659?
6
What is the billions digit of 1715578180?
1
What is the hundred millions digit of 383717239?
3
What is the tens digit of 585077097?
9
What is the ten thousands digit of 2398199727?
9
What is the units digit of 270587472?
2
What is the hundreds digit of 1821621399?
3
What is the hundred thousands digit of 1793521420?
5
What is the ten millions digit of 723688218?
2
What is the units digit of 381384398?
8
What is the units digit of 34912500?
0
What is the ten thousands digit of 59032029?
3
What is the units digit of 14846732?
2
What is the ten thousands digit of 1096979886?
7
What is the hundred thousands digit of 237698502?
6
What is the hundred millions digit of 525793268?
5
What is the hundred millions digit of 240897831?
2
What is the thousands digit of 10978463?
8
What is the thousands digit of 66618741?
8
What is the units digit of 20187527?
7
What is the hundreds digit of 42167903?
9
What is the ten millions digit of 257621611?
5
What is the billions digit of 2845417558?
2
What is the ten millions digit of 1294372366?
9
What is the hundreds digit of 192420754?
7
What is the hundred thousands digit of 719178377?
1
What is the hundreds digit of 50392035?
0
What is the ten millions digit of 1279732345?
7
What is the tens digit of 1505043186?
8
What is the hundred millions digit of 1548796124?
5
What is the units digit of 64850851?
1
What is the units digit of 15029363?
3
What is the thousands digit of 614107710?
7
What is the units digit of 649428796?
6
What is the hundreds digit of 138535208?
2
What is the ten millions digit of 16581818?
1
What is the hundred thousands digit of 2980459?
9
What is the tens digit of 2168512675?
7
What is the millions digit of 34381773?
4
What is the hundred millions digit of 135080825?
1
What is the tens digit of 1964699635?
3
What is the hundreds digit of 132630302?
3
What is the thousands digit of 149122072